{"id":861,"date":"2021-04-17T13:59:26","date_gmt":"2021-04-17T11:59:26","guid":{"rendered":"https:\/\/siemens.ns-zwangsarbeit.de\/?page_id=861"},"modified":"2023-01-19T15:50:55","modified_gmt":"2023-01-19T14:50:55","slug":"kz-aufseherinnen","status":"publish","type":"page","link":"https:\/\/siemens.ns-zwangsarbeit.de\/en\/kz-aufseherinnen\/","title":{"rendered":"Female Concentration Camp Guards"},"content":{"rendered":"<p class=\"wp-block-paragraph\">Die Forschung geht davon aus, dass w\u00e4hrend der NS-<span class='hurraki_tooltip' data-title='Zeit' style='border-bottom:2px dotted #888;'>Zeit<\/span> etwa 4.000 Aufseherinnen in Konzentrationslagern als Bewachungspersonal arbeiten. Das sind zehn Prozent des gesamten Wachpersonals. Die Aufseherinnen geh\u00f6ren nicht wie die m\u00e4nnlichen Aufseher zur SS, sondern werden als SS-Gefolge bezeichnet. Die Wege und Gr\u00fcnde der Frauen als Aufseherin zu arbeiten, sind unterschiedlich. Ein Grund sind der gute Verdienst und die Anstellung im \u00d6ffentlichen Dienst. Das KZ Ravensbr\u00fcck dient als Ausbildungsort f\u00fcr die meisten Aufseherinnen. Sie sind im Schnitt 25 Jahre alt.\u00a0<\/p>\n\n\n\n<div class=\"mgl-root\" data-gallery-options=\"{&quot;image_ids&quot;:[&quot;863&quot;,&quot;862&quot;],&quot;id&quot;:&quot;6a9d5daeaf515&quot;,&quot;size&quot;:&quot;large&quot;,&quot;infinite&quot;:false,&quot;custom_class&quot;:null,&quot;link&quot;:&quot;media&quot;,&quot;is_preview&quot;:false,&quot;updir&quot;:&quot;https:\\\/\\\/siemens.ns-zwangsarbeit.de\\\/wp-content\\\/uploads\\\/&quot;,&quot;captions&quot;:&quot;true&quot;,&quot;animation&quot;:false,&quot;layout&quot;:&quot;cascade&quot;,&quot;justified_row_height&quot;:200,&quot;justified_gutter&quot;:5,&quot;masonry_gutter&quot;:5,&quot;masonry_columns&quot;:3,&quot;square_gutter&quot;:5,&quot;square_columns&quot;:5,&quot;cascade_gutter&quot;:&quot;11&quot;,&quot;class_id&quot;:&quot;mgl-gallery-6a9d5daeaf515&quot;,&quot;layouts&quot;:[&quot;o&quot;,&quot;i&quot;,&quot;ii&quot;],&quot;tiles_gutter&quot;:5,&quot;tiles_gutter_tablet&quot;:5,&quot;tiles_gutter_mobile&quot;:5,&quot;tiles_density&quot;:&quot;high&quot;,&quot;tiles_density_tablet&quot;:&quot;medium&quot;,&quot;tiles_density_mobile&quot;:&quot;low&quot;,&quot;horizontal_gutter&quot;:5,&quot;horizontal_image_height&quot;:500,&quot;horizontal_hide_scrollbar&quot;:false,&quot;carousel_gutter&quot;:5,&quot;carousel_arrow_nav_enabled&quot;:true,&quot;carousel_dot_nav_enabled&quot;:true,&quot;carousel_image_height&quot;:500,&quot;carousel_keep_aspect_ratio&quot;:false,&quot;map_gutter&quot;:10,&quot;map_height&quot;:400}\" data-gallery-images=\"[{&quot;caption&quot;:&quot;Namentliche Auflistung der ehemaligen Lohn- und Gehaltsempf\\u00e4nger:innen des Frauenkonzentrationslager Ravensbr\\u00fcck einschlie\\u00dflich Jugendschutzlager Uckermark vom 24. Juni 1949, erstellt in F\\u00fcrstenberg \\u00a9 Archiv Mahn- und Gedenkst\\u00e4tte Ravensbr\\u00fcck&quot;,&quot;meta&quot;:{&quot;width&quot;:600,&quot;height&quot;:849,&quot;file&quot;:&quot;2021\\\/04\\\/Liste-S.-5.jpg&quot;,&quot;sizes&quot;:{&quot;medium&quot;:{&quot;file&quot;:&quot;Liste-S.-5-212x300.jpg&quot;,&quot;width&quot;:212,&quot;height&quot;:300,&quot;mime-type&quot;:&quot;image\\\/jpeg&quot;},&quot;thumbnail&quot;:{&quot;file&quot;:&quot;Liste-S.-5-150x150.jpg&quot;,&quot;width&quot;:150,&quot;height&quot;:150,&quot;mime-type&quot;:&quot;image\\\/jpeg&quot;},&quot;trp-custom-language-flag&quot;:{&quot;file&quot;:&quot;Liste-S.-5-8x12.jpg&quot;,&quot;width&quot;:8,&quot;height&quot;:12,&quot;mime-type&quot;:&quot;image\\\/jpeg&quot;}},&quot;image_meta&quot;:{&quot;aperture&quot;:&quot;0&quot;,&quot;credit&quot;:&quot;&quot;,&quot;camera&quot;:&quot;&quot;,&quot;caption&quot;:&quot;&quot;,&quot;created_timestamp&quot;:&quot;0&quot;,&quot;copyright&quot;:&quot;&quot;,&quot;focal_length&quot;:&quot;0&quot;,&quot;iso&quot;:&quot;0&quot;,&quot;shutter_speed&quot;:&quot;0&quot;,&quot;title&quot;:&quot;&quot;,&quot;orientation&quot;:&quot;1&quot;,&quot;keywords&quot;:[]}},&quot;id&quot;:&quot;863&quot;,&quot;img_html&quot;:&quot;&lt;img width=\\&quot;580\\&quot; height=\\&quot;821\\&quot; src=\\&quot;https:\\\/\\\/siemens.ns-zwangsarbeit.de\\\/wp-content\\\/uploads\\\/2021\\\/04\\\/Liste-S.-5.jpg\\&quot; class=\\&quot;wp-image-863\\&quot; alt=\\&quot;Namentliche Auflistung der ehemaligen Lohn- und Gehaltsempf\\u00e4nger:innen des Frauenkonzentrationslager Ravensbr\\u00fcck einschlie\\u00dflich Jugendschutzlager Uckermark vom 24. Juni 1949, erstellt in F\\u00fcrstenberg \\u00a9 Archiv Mahn- und Gedenkst\\u00e4tte Ravensbr\\u00fcck\\&quot; draggable=\\&quot;\\&quot; srcset=\\&quot;https:\\\/\\\/siemens.ns-zwangsarbeit.de\\\/wp-content\\\/uploads\\\/2021\\\/04\\\/Liste-S.-5.jpg 600w, https:\\\/\\\/siemens.ns-zwangsarbeit.de\\\/wp-content\\\/uploads\\\/2021\\\/04\\\/Liste-S.-5-212x300.jpg 212w, https:\\\/\\\/siemens.ns-zwangsarbeit.de\\\/wp-content\\\/uploads\\\/2021\\\/04\\\/Liste-S.-5-8x12.jpg 8w\\&quot; sizes=\\&quot;80vw\\&quot; \\\/&gt;&quot;,&quot;link_href&quot;:&quot;https:\\\/\\\/siemens.ns-zwangsarbeit.de\\\/wp-content\\\/uploads\\\/2021\\\/04\\\/Liste-S.-5.jpg&quot;,&quot;link_target&quot;:&quot;_self&quot;,&quot;link_rel&quot;:null,&quot;attributes&quot;:[]},{&quot;caption&quot;:&quot;Namentliche Auflistung der ehemaligen Lohn- und Gehaltsempf\\u00e4nger:innen des Frauenkonzentrationslager Ravensbr\\u00fcck einschlie\\u00dflich Jugendschutzlager Uckermark vom 24. Juni 1949, erstellt in F\\u00fcrstenberg \\u00a9 Archiv Mahn- und Gedenkst\\u00e4tte Ravensbr\\u00fcck&quot;,&quot;meta&quot;:{&quot;width&quot;:600,&quot;height&quot;:842,&quot;file&quot;:&quot;2021\\\/04\\\/Liste-S.-1.jpg&quot;,&quot;sizes&quot;:{&quot;medium&quot;:{&quot;file&quot;:&quot;Liste-S.-1-214x300.jpg&quot;,&quot;width&quot;:214,&quot;height&quot;:300,&quot;mime-type&quot;:&quot;image\\\/jpeg&quot;},&quot;thumbnail&quot;:{&quot;file&quot;:&quot;Liste-S.-1-150x150.jpg&quot;,&quot;width&quot;:150,&quot;height&quot;:150,&quot;mime-type&quot;:&quot;image\\\/jpeg&quot;},&quot;trp-custom-language-flag&quot;:{&quot;file&quot;:&quot;Liste-S.-1-9x12.jpg&quot;,&quot;width&quot;:9,&quot;height&quot;:12,&quot;mime-type&quot;:&quot;image\\\/jpeg&quot;}},&quot;image_meta&quot;:{&quot;aperture&quot;:&quot;0&quot;,&quot;credit&quot;:&quot;&quot;,&quot;camera&quot;:&quot;&quot;,&quot;caption&quot;:&quot;&quot;,&quot;created_timestamp&quot;:&quot;0&quot;,&quot;copyright&quot;:&quot;&quot;,&quot;focal_length&quot;:&quot;0&quot;,&quot;iso&quot;:&quot;0&quot;,&quot;shutter_speed&quot;:&quot;0&quot;,&quot;title&quot;:&quot;&quot;,&quot;orientation&quot;:&quot;1&quot;,&quot;keywords&quot;:[]}},&quot;id&quot;:&quot;862&quot;,&quot;img_html&quot;:&quot;&lt;img width=\\&quot;580\\&quot; height=\\&quot;814\\&quot; src=\\&quot;https:\\\/\\\/siemens.ns-zwangsarbeit.de\\\/wp-content\\\/uploads\\\/2021\\\/04\\\/Liste-S.-1.jpg\\&quot; class=\\&quot;wp-image-862\\&quot; alt=\\&quot;Namentliche Auflistung der ehemaligen Lohn- und Gehaltsempf\\u00e4nger:innen des Frauenkonzentrationslager Ravensbr\\u00fcck einschlie\\u00dflich Jugendschutzlager Uckermark vom 24. Juni 1949, erstellt in F\\u00fcrstenberg \\u00a9 Archiv Mahn- und Gedenkst\\u00e4tte Ravensbr\\u00fcck\\&quot; draggable=\\&quot;\\&quot; srcset=\\&quot;https:\\\/\\\/siemens.ns-zwangsarbeit.de\\\/wp-content\\\/uploads\\\/2021\\\/04\\\/Liste-S.-1.jpg 600w, https:\\\/\\\/siemens.ns-zwangsarbeit.de\\\/wp-content\\\/uploads\\\/2021\\\/04\\\/Liste-S.-1-214x300.jpg 214w, https:\\\/\\\/siemens.ns-zwangsarbeit.de\\\/wp-content\\\/uploads\\\/2021\\\/04\\\/Liste-S.-1-9x12.jpg 9w\\&quot; sizes=\\&quot;80vw\\&quot; \\\/&gt;&quot;,&quot;link_href&quot;:&quot;https:\\\/\\\/siemens.ns-zwangsarbeit.de\\\/wp-content\\\/uploads\\\/2021\\\/04\\\/Liste-S.-1.jpg&quot;,&quot;link_target&quot;:&quot;_self&quot;,&quot;link_rel&quot;:null,&quot;attributes&quot;:[]}]\" data-atts=\"{&quot;ids&quot;:&quot;863,862&quot;,&quot;layout&quot;:&quot;cascade&quot;,&quot;gutter&quot;:&quot;11&quot;,&quot;captions&quot;:&quot;true&quot;,&quot;link&quot;:&quot;media&quot;}\"><div class=\"mgl-gallery-container\"><\/div><div class=\"mgl-gallery-images\"><a class=\"\" href=\"https:\/\/siemens.ns-zwangsarbeit.de\/wp-content\/uploads\/2021\/04\/Liste-S.-5.jpg\" target=\"_self\" rel=\"\" aria-label=\"List of names of former wage and salary earners of the Ravensbr\u00fcck women\u2019s concentration camp, including the Uckermark juvenile protective custody camp, dated 24 June 1949, compiled in F\u00fcrstenberg.  \u00a9 Archiv Mahn- und Gedenkst\u00e4tte Ravensbr\u00fcck\"><img loading=\"lazy\" decoding=\"async\" width=\"580\" height=\"821\" src=\"https:\/\/siemens.ns-zwangsarbeit.de\/wp-content\/uploads\/2021\/04\/Liste-S.-5.jpg\" class=\"wp-image-863\" alt=\"Namentliche Auflistung der ehemaligen Lohn- und Gehaltsempf\u00e4nger:innen des Frauenkonzentrationslager Ravensbr\u00fcck einschlie\u00dflich Jugendschutzlager Uckermark vom 24. Juni 1949, erstellt in F\u00fcrstenberg \u00a9 Archiv Mahn- und Gedenkst\u00e4tte Ravensbr\u00fcck\" draggable=\"\" srcset=\"https:\/\/siemens.ns-zwangsarbeit.de\/wp-content\/uploads\/2021\/04\/Liste-S.-5.jpg 600w, https:\/\/siemens.ns-zwangsarbeit.de\/wp-content\/uploads\/2021\/04\/Liste-S.-5-212x300.jpg 212w, https:\/\/siemens.ns-zwangsarbeit.de\/wp-content\/uploads\/2021\/04\/Liste-S.-5-8x12.jpg 8w\" sizes=\"auto, 80vw\" \/><\/a><a class=\"\" href=\"https:\/\/siemens.ns-zwangsarbeit.de\/wp-content\/uploads\/2021\/04\/Liste-S.-1.jpg\" target=\"_self\" rel=\"\" aria-label=\"List of names of former wage and salary earners of the Ravensbr\u00fcck women\u2019s concentration camp, including the Uckermark juvenile protective custody camp, dated 24 June 1949, compiled in F\u00fcrstenberg.  \u00a9 Archiv Mahn- und Gedenkst\u00e4tte Ravensbr\u00fcck\"><img loading=\"lazy\" decoding=\"async\" width=\"580\" height=\"814\" src=\"https:\/\/siemens.ns-zwangsarbeit.de\/wp-content\/uploads\/2021\/04\/Liste-S.-1.jpg\" class=\"wp-image-862\" alt=\"Namentliche Auflistung der ehemaligen Lohn- und Gehaltsempf\u00e4nger:innen des Frauenkonzentrationslager Ravensbr\u00fcck einschlie\u00dflich Jugendschutzlager Uckermark vom 24. Juni 1949, erstellt in F\u00fcrstenberg \u00a9 Archiv Mahn- und Gedenkst\u00e4tte Ravensbr\u00fcck\" draggable=\"\" srcset=\"https:\/\/siemens.ns-zwangsarbeit.de\/wp-content\/uploads\/2021\/04\/Liste-S.-1.jpg 600w, https:\/\/siemens.ns-zwangsarbeit.de\/wp-content\/uploads\/2021\/04\/Liste-S.-1-214x300.jpg 214w, https:\/\/siemens.ns-zwangsarbeit.de\/wp-content\/uploads\/2021\/04\/Liste-S.-1-9x12.jpg 9w\" sizes=\"auto, 80vw\" \/><\/a><\/div><\/div>","protected":false},"excerpt":{"rendered":"<p>Die Forschung geht davon aus, dass w\u00e4hrend der NS-Zeit etwa 4.000 Aufseherinnen in Konzentrationslagern als Bewachungspersonal arbeiten. Das sind zehn Prozent des gesamten Wachpersonals. Die Aufseherinnen geh\u00f6ren nicht wie die m\u00e4nnlichen Aufseher zur SS, sondern werden als SS-Gefolge bezeichnet. Die Wege und Gr\u00fcnde der Frauen als Aufseherin zu arbeiten, sind unterschiedlich. Ein Grund sind der [&hellip;]<\/p>","protected":false},"author":1,"featured_media":0,"parent":0,"menu_order":0,"comment_status":"closed","ping_status":"closed","template":"","meta":{"footnotes":""},"class_list":["post-861","page","type-page","status-publish","hentry"],"_links":{"self":[{"href":"https:\/\/siemens.ns-zwangsarbeit.de\/en\/wp-json\/wp\/v2\/pages\/861","targetHints":{"allow":["GET"]}}],"collection":[{"href":"https:\/\/siemens.ns-zwangsarbeit.de\/en\/wp-json\/wp\/v2\/pages"}],"about":[{"href":"https:\/\/siemens.ns-zwangsarbeit.de\/en\/wp-json\/wp\/v2\/types\/page"}],"author":[{"embeddable":true,"href":"https:\/\/siemens.ns-zwangsarbeit.de\/en\/wp-json\/wp\/v2\/users\/1"}],"replies":[{"embeddable":true,"href":"https:\/\/siemens.ns-zwangsarbeit.de\/en\/wp-json\/wp\/v2\/comments?post=861"}],"version-history":[{"count":7,"href":"https:\/\/siemens.ns-zwangsarbeit.de\/en\/wp-json\/wp\/v2\/pages\/861\/revisions"}],"predecessor-version":[{"id":1518,"href":"https:\/\/siemens.ns-zwangsarbeit.de\/en\/wp-json\/wp\/v2\/pages\/861\/revisions\/1518"}],"wp:attachment":[{"href":"https:\/\/siemens.ns-zwangsarbeit.de\/en\/wp-json\/wp\/v2\/media?parent=861"}],"curies":[{"name":"wp","href":"https:\/\/api.w.org\/{rel}","templated":true}]}}

<p class="wp-block-paragraph">Die Forschung geht davon aus, dass während der NS-<span class='hurraki_tooltip' data-title='Zeit' style='border-bottom:2px dotted #888;'>Zeit</span> etwa 4.000 Aufseherinnen in Konzentrationslagern als Bewachungspersonal arbeiten. Das sind zehn Prozent des gesamten Wachpersonals. Die Aufseherinnen gehören nicht wie die männlichen Aufseher zur SS, sondern werden als SS-Gefolge bezeichnet. Die Wege und Gründe der Frauen als Aufseherin zu arbeiten, sind unterschiedlich. Ein Grund sind der gute Verdienst und die Anstellung im Öffentlichen Dienst. Das KZ Ravensbrück dient als Ausbildungsort für die meisten Aufseherinnen. Sie sind im Schnitt 25 Jahre alt. </p>



<div class="mgl-root" data-gallery-options="{&quot;image_ids&quot;:[&quot;863&quot;,&quot;862&quot;],&quot;id&quot;:&quot;6a9d5daeaf515&quot;,&quot;size&quot;:&quot;large&quot;,&quot;infinite&quot;:false,&quot;custom_class&quot;:null,&quot;link&quot;:&quot;media&quot;,&quot;is_preview&quot;:false,&quot;updir&quot;:&quot;https:\/\/siemens.ns-zwangsarbeit.de\/wp-content\/uploads\/&quot;,&quot;captions&quot;:&quot;true&quot;,&quot;animation&quot;:false,&quot;layout&quot;:&quot;cascade&quot;,&quot;justified_row_height&quot;:200,&quot;justified_gutter&quot;:5,&quot;masonry_gutter&quot;:5,&quot;masonry_columns&quot;:3,&quot;square_gutter&quot;:5,&quot;square_columns&quot;:5,&quot;cascade_gutter&quot;:&quot;11&quot;,&quot;class_id&quot;:&quot;mgl-gallery-6a9d5daeaf515&quot;,&quot;layouts&quot;:[&quot;o&quot;,&quot;i&quot;,&quot;ii&quot;],&quot;tiles_gutter&quot;:5,&quot;tiles_gutter_tablet&quot;:5,&quot;tiles_gutter_mobile&quot;:5,&quot;tiles_density&quot;:&quot;high&quot;,&quot;tiles_density_tablet&quot;:&quot;medium&quot;,&quot;tiles_density_mobile&quot;:&quot;low&quot;,&quot;horizontal_gutter&quot;:5,&quot;horizontal_image_height&quot;:500,&quot;horizontal_hide_scrollbar&quot;:false,&quot;carousel_gutter&quot;:5,&quot;carousel_arrow_nav_enabled&quot;:true,&quot;carousel_dot_nav_enabled&quot;:true,&quot;carousel_image_height&quot;:500,&quot;carousel_keep_aspect_ratio&quot;:false,&quot;map_gutter&quot;:10,&quot;map_height&quot;:400}" data-gallery-images="[{&quot;caption&quot;:&quot;Namentliche Auflistung der ehemaligen Lohn- und Gehaltsempf\u00e4nger:innen des Frauenkonzentrationslager Ravensbr\u00fcck einschlie\u00dflich Jugendschutzlager Uckermark vom 24. Juni 1949, erstellt in F\u00fcrstenberg \u00a9 Archiv Mahn- und Gedenkst\u00e4tte Ravensbr\u00fcck&quot;,&quot;meta&quot;:{&quot;width&quot;:600,&quot;height&quot;:849,&quot;file&quot;:&quot;2021\/04\/Liste-S.-5.jpg&quot;,&quot;sizes&quot;:{&quot;medium&quot;:{&quot;file&quot;:&quot;Liste-S.-5-212x300.jpg&quot;,&quot;width&quot;:212,&quot;height&quot;:300,&quot;mime-type&quot;:&quot;image\/jpeg&quot;},&quot;thumbnail&quot;:{&quot;file&quot;:&quot;Liste-S.-5-150x150.jpg&quot;,&quot;width&quot;:150,&quot;height&quot;:150,&quot;mime-type&quot;:&quot;image\/jpeg&quot;},&quot;trp-custom-language-flag&quot;:{&quot;file&quot;:&quot;Liste-S.-5-8x12.jpg&quot;,&quot;width&quot;:8,&quot;height&quot;:12,&quot;mime-type&quot;:&quot;image\/jpeg&quot;}},&quot;image_meta&quot;:{&quot;aperture&quot;:&quot;0&quot;,&quot;credit&quot;:&quot;&quot;,&quot;camera&quot;:&quot;&quot;,&quot;caption&quot;:&quot;&quot;,&quot;created_timestamp&quot;:&quot;0&quot;,&quot;copyright&quot;:&quot;&quot;,&quot;focal_length&quot;:&quot;0&quot;,&quot;iso&quot;:&quot;0&quot;,&quot;shutter_speed&quot;:&quot;0&quot;,&quot;title&quot;:&quot;&quot;,&quot;orientation&quot;:&quot;1&quot;,&quot;keywords&quot;:[]}},&quot;id&quot;:&quot;863&quot;,&quot;img_html&quot;:&quot;&lt;img width=\&quot;580\&quot; height=\&quot;821\&quot; src=\&quot;https:\/\/siemens.ns-zwangsarbeit.de\/wp-content\/uploads\/2021\/04\/Liste-S.-5.jpg\&quot; class=\&quot;wp-image-863\&quot; alt=\&quot;Namentliche Auflistung der ehemaligen Lohn- und Gehaltsempf\u00e4nger:innen des Frauenkonzentrationslager Ravensbr\u00fcck einschlie\u00dflich Jugendschutzlager Uckermark vom 24. Juni 1949, erstellt in F\u00fcrstenberg \u00a9 Archiv Mahn- und Gedenkst\u00e4tte Ravensbr\u00fcck\&quot; draggable=\&quot;\&quot; srcset=\&quot;https:\/\/siemens.ns-zwangsarbeit.de\/wp-content\/uploads\/2021\/04\/Liste-S.-5.jpg 600w, https:\/\/siemens.ns-zwangsarbeit.de\/wp-content\/uploads\/2021\/04\/Liste-S.-5-212x300.jpg 212w, https:\/\/siemens.ns-zwangsarbeit.de\/wp-content\/uploads\/2021\/04\/Liste-S.-5-8x12.jpg 8w\&quot; sizes=\&quot;80vw\&quot; \/&gt;&quot;,&quot;link_href&quot;:&quot;https:\/\/siemens.ns-zwangsarbeit.de\/wp-content\/uploads\/2021\/04\/Liste-S.-5.jpg&quot;,&quot;link_target&quot;:&quot;_self&quot;,&quot;link_rel&quot;:null,&quot;attributes&quot;:[]},{&quot;caption&quot;:&quot;Namentliche Auflistung der ehemaligen Lohn- und Gehaltsempf\u00e4nger:innen des Frauenkonzentrationslager Ravensbr\u00fcck einschlie\u00dflich Jugendschutzlager Uckermark vom 24. Juni 1949, erstellt in F\u00fcrstenberg \u00a9 Archiv Mahn- und Gedenkst\u00e4tte Ravensbr\u00fcck&quot;,&quot;meta&quot;:{&quot;width&quot;:600,&quot;height&quot;:842,&quot;file&quot;:&quot;2021\/04\/Liste-S.-1.jpg&quot;,&quot;sizes&quot;:{&quot;medium&quot;:{&quot;file&quot;:&quot;Liste-S.-1-214x300.jpg&quot;,&quot;width&quot;:214,&quot;height&quot;:300,&quot;mime-type&quot;:&quot;image\/jpeg&quot;},&quot;thumbnail&quot;:{&quot;file&quot;:&quot;Liste-S.-1-150x150.jpg&quot;,&quot;width&quot;:150,&quot;height&quot;:150,&quot;mime-type&quot;:&quot;image\/jpeg&quot;},&quot;trp-custom-language-flag&quot;:{&quot;file&quot;:&quot;Liste-S.-1-9x12.jpg&quot;,&quot;width&quot;:9,&quot;height&quot;:12,&quot;mime-type&quot;:&quot;image\/jpeg&quot;}},&quot;image_meta&quot;:{&quot;aperture&quot;:&quot;0&quot;,&quot;credit&quot;:&quot;&quot;,&quot;camera&quot;:&quot;&quot;,&quot;caption&quot;:&quot;&quot;,&quot;created_timestamp&quot;:&quot;0&quot;,&quot;copyright&quot;:&quot;&quot;,&quot;focal_length&quot;:&quot;0&quot;,&quot;iso&quot;:&quot;0&quot;,&quot;shutter_speed&quot;:&quot;0&quot;,&quot;title&quot;:&quot;&quot;,&quot;orientation&quot;:&quot;1&quot;,&quot;keywords&quot;:[]}},&quot;id&quot;:&quot;862&quot;,&quot;img_html&quot;:&quot;&lt;img width=\&quot;580\&quot; height=\&quot;814\&quot; src=\&quot;https:\/\/siemens.ns-zwangsarbeit.de\/wp-content\/uploads\/2021\/04\/Liste-S.-1.jpg\&quot; class=\&quot;wp-image-862\&quot; alt=\&quot;Namentliche Auflistung der ehemaligen Lohn- und Gehaltsempf\u00e4nger:innen des Frauenkonzentrationslager Ravensbr\u00fcck einschlie\u00dflich Jugendschutzlager Uckermark vom 24. Juni 1949, erstellt in F\u00fcrstenberg \u00a9 Archiv Mahn- und Gedenkst\u00e4tte Ravensbr\u00fcck\&quot; draggable=\&quot;\&quot; srcset=\&quot;https:\/\/siemens.ns-zwangsarbeit.de\/wp-content\/uploads\/2021\/04\/Liste-S.-1.jpg 600w, https:\/\/siemens.ns-zwangsarbeit.de\/wp-content\/uploads\/2021\/04\/Liste-S.-1-214x300.jpg 214w, https:\/\/siemens.ns-zwangsarbeit.de\/wp-content\/uploads\/2021\/04\/Liste-S.-1-9x12.jpg 9w\&quot; sizes=\&quot;80vw\&quot; \/&gt;&quot;,&quot;link_href&quot;:&quot;https:\/\/siemens.ns-zwangsarbeit.de\/wp-content\/uploads\/2021\/04\/Liste-S.-1.jpg&quot;,&quot;link_target&quot;:&quot;_self&quot;,&quot;link_rel&quot;:null,&quot;attributes&quot;:[]}]" data-atts="{&quot;ids&quot;:&quot;863,862&quot;,&quot;layout&quot;:&quot;cascade&quot;,&quot;gutter&quot;:&quot;11&quot;,&quot;captions&quot;:&quot;true&quot;,&quot;link&quot;:&quot;media&quot;}"><div class="mgl-gallery-container"></div><div class="mgl-gallery-images"><a class="" href="https://siemens.ns-zwangsarbeit.de/wp-content/uploads/2021/04/Liste-S.-5.jpg" target="_self" rel="" aria-label="List of names of former wage and salary earners of the Ravensbrück women’s concentration camp, including the Uckermark juvenile protective custody camp, dated 24 June 1949, compiled in Fürstenberg.  © Archiv Mahn- und Gedenkstätte Ravensbrück"><img loading="lazy" decoding="async" width="580" height="821" src="https://siemens.ns-zwangsarbeit.de/wp-content/uploads/2021/04/Liste-S.-5.jpg" class="wp-image-863" alt="Namentliche Auflistung der ehemaligen Lohn- und Gehaltsempfänger:innen des Frauenkonzentrationslager Ravensbrück einschließlich Jugendschutzlager Uckermark vom 24. Juni 1949, erstellt in Fürstenberg © Archiv Mahn- und Gedenkstätte Ravensbrück" draggable="" srcset="https://siemens.ns-zwangsarbeit.de/wp-content/uploads/2021/04/Liste-S.-5.jpg 600w, https://siemens.ns-zwangsarbeit.de/wp-content/uploads/2021/04/Liste-S.-5-212x300.jpg 212w, https://siemens.ns-zwangsarbeit.de/wp-content/uploads/2021/04/Liste-S.-5-8x12.jpg 8w" sizes="auto, 80vw" /></a><a class="" href="https://siemens.ns-zwangsarbeit.de/wp-content/uploads/2021/04/Liste-S.-1.jpg" target="_self" rel="" aria-label="List of names of former wage and salary earners of the Ravensbrück women’s concentration camp, including the Uckermark juvenile protective custody camp, dated 24 June 1949, compiled in Fürstenberg.  © Archiv Mahn- und Gedenkstätte Ravensbrück"><img loading="lazy" decoding="async" width="580" height="814" src="https://siemens.ns-zwangsarbeit.de/wp-content/uploads/2021/04/Liste-S.-1.jpg" class="wp-image-862" alt="Namentliche Auflistung der ehemaligen Lohn- und Gehaltsempfänger:innen des Frauenkonzentrationslager Ravensbrück einschließlich Jugendschutzlager Uckermark vom 24. Juni 1949, erstellt in Fürstenberg © Archiv Mahn- und Gedenkstätte Ravensbrück" draggable="" srcset="https://siemens.ns-zwangsarbeit.de/wp-content/uploads/2021/04/Liste-S.-1.jpg 600w, https://siemens.ns-zwangsarbeit.de/wp-content/uploads/2021/04/Liste-S.-1-214x300.jpg 214w, https://siemens.ns-zwangsarbeit.de/wp-content/uploads/2021/04/Liste-S.-1-9x12.jpg 9w" sizes="auto, 80vw" /></a></div></div>

<p>Die Forschung geht davon aus, dass während der NS-Zeit etwa 4.000 Aufseherinnen in Konzentrationslagern als Bewachungspersonal arbeiten. Das sind zehn Prozent des gesamten Wachpersonals. Die Aufseherinnen gehören nicht wie die männlichen Aufseher zur SS, sondern werden als SS-Gefolge bezeichnet. Die Wege und Gründe der Frauen als Aufseherin zu arbeiten, sind unterschiedlich. Ein Grund sind der [&hellip;]</p>
